{"id":142,"date":"2017-08-22T22:22:21","date_gmt":"2017-08-22T22:22:21","guid":{"rendered":"http:\/\/www.uvolante.org\/wordpress\/?page_id=142"},"modified":"2019-04-25T11:11:30","modified_gmt":"2019-04-25T11:11:30","slug":"projects","status":"publish","type":"page","link":"https:\/\/www.uvolante.org\/index.php\/research\/projects\/","title":{"rendered":"Projets"},"content":{"rendered":"<p><span style=\"font-family: arial, helvetica, sans-serif;\"><a href=\"https:\/\/forge.uvolante.org\/code\/salza\/wikis\" class=\"external external_icon\" rel=\"nofollow\" target=\"_blank\">SALZA<\/a> est \u00e0 la fois une implantation de la th\u00e9orie algorithmique de l&#8217;information fond\u00e9e sur les codages LZ77 et LZ relatif, une semi-distance universelle entre cha\u00eenes de symboles, et une impl\u00e9mentation de l&#8217;algorithme PC pour l&#8217;inf\u00e9rence de causalit\u00e9. <br \/><\/span><\/p>\n<p><a href=\"https:\/\/forge.uvolante.org\/code\/drpt\/wikis\" class=\"external external_icon\" rel=\"nofollow\" target=\"_blank\">DRPT<\/a> permet de transformer une matrice de semi-distances en une matrice de distances.<\/p>\n<p><a href=\"https:\/\/forge.uvolante.org\/code\/csa\/wikis\/\" class=\"external external_icon\" rel=\"nofollow\" target=\"_blank\">CSA<\/a> est un self-index compress\u00e9 avec des fonctionnalit\u00e9s limit\u00e9es d&#8217;archivage. Un self-index compress\u00e9 permet de compter et localiser les occurrences d&#8217;une sous-cha\u00eene dans une repr\u00e9sentation compress\u00e9e du texte. Il permet aussi la d\u00e9compression d&#8217;une sous-cha\u00eene quelconque.<\/p>\n<p><a href=\"https:\/\/forge.uvolante.org\/code\/compr\/wikis\" class=\"external external_icon\" rel=\"nofollow\" target=\"_blank\">OOPZIP<\/a> est une impl\u00e9mentation p\u00e9dagogique de gzip\/DEFLATE.<\/p>\n\n\n<p><\/p>\n","protected":false},"excerpt":{"rendered":"<p>SALZA est \u00e0 la fois une implantation de la th\u00e9orie algorithmique de l&#8217;information fond\u00e9e sur les codages LZ77 et LZ relatif, une semi-distance universelle entre cha\u00eenes de symboles, et une impl\u00e9mentation de l&#8217;algorithme PC pour l&#8217;inf\u00e9rence de causalit\u00e9. DRPT permet<span class=\"ellipsis\">&hellip;<\/span><\/p>\n<div class=\"read-more\"><a href=\"https:\/\/www.uvolante.org\/index.php\/research\/projects\/\">Read more <span class=\"screen-reader-text\">Projets<\/span><span class=\"meta-nav\"> &#8250;<\/span><\/a><\/div>\n<p><!-- end of .read-more --><\/p>\n","protected":false},"author":4,"featured_media":0,"parent":148,"menu_order":0,"comment_status":"closed","ping_status":"closed","template":"","meta":{"footnotes":""},"class_list":["post-142","page","type-page","status-publish","hentry"],"_links":{"self":[{"href":"https:\/\/www.uvolante.org\/index.php\/wp-json\/wp\/v2\/pages\/142"}],"collection":[{"href":"https:\/\/www.uvolante.org\/index.php\/wp-json\/wp\/v2\/pages"}],"about":[{"href":"https:\/\/www.uvolante.org\/index.php\/wp-json\/wp\/v2\/types\/page"}],"author":[{"embeddable":true,"href":"https:\/\/www.uvolante.org\/index.php\/wp-json\/wp\/v2\/users\/4"}],"replies":[{"embeddable":true,"href":"https:\/\/www.uvolante.org\/index.php\/wp-json\/wp\/v2\/comments?post=142"}],"version-history":[{"count":11,"href":"https:\/\/www.uvolante.org\/index.php\/wp-json\/wp\/v2\/pages\/142\/revisions"}],"predecessor-version":[{"id":343,"href":"https:\/\/www.uvolante.org\/index.php\/wp-json\/wp\/v2\/pages\/142\/revisions\/343"}],"up":[{"embeddable":true,"href":"https:\/\/www.uvolante.org\/index.php\/wp-json\/wp\/v2\/pages\/148"}],"wp:attachment":[{"href":"https:\/\/www.uvolante.org\/index.php\/wp-json\/wp\/v2\/media?parent=142"}],"curies":[{"name":"wp","href":"https:\/\/api.w.org\/{rel}","templated":true}]}}